ded by y/(-24) - (-274)/12.
21
Let w(a) = -a**3 - 6*a**2 - 7*a - 7. Let f be w(-5). Suppose -48 = -f*x - x. Calculate the remainder when 23 is divided by x.
11
Let n(q) = 6*q - 2. Let p be 510/21 - (-2)/(-7). Suppose 2*g - p = -5*j, -2*g + 24 = 3*j + j. What is the remainder when n(4) is divided by g?
10
Suppose 0 = -3*m - 2*m. Let k(b) = -b + 1. Let n be k(m). Calculate the remainder when n + (33 + -2)*1 is divided by 11.
10
Let s = -13 - -4. Let p = s - -24. What is the remainder when 57 is divided by p?
12
Suppose 9*l - 357 = 102. Calculate the remainder when l is divided by 18.
15
Suppose -2*u = 4*v - 12, 0*v - 2*v = -3*u - 6. Calculate the remainder when (u - 4)/((-8)/64) is divided by 11.
10
What is the remainder when 8 is divided by (-1)/(1*(-2)/6)?
2
Let b(o) = 12*o + 2. Suppose -9 + 154 = 5*f. Calculate the remainder when b(7) is divided by f.
28
Suppose p = 2 + 1. What is the remainder when (p/(-4))/((-5)/220) is divided by 17?
16
Suppose 4*l + 20 = 0, -3*l - 11 = -3*w + 28. What is the remainder when 14 is divided by w?
6
Let l(f) = -f**3 - 4*f**2 + f - 1. Suppose 3*g + 6 = -9. Calculate the remainder when l(g) is divided by 7.
5
What is the remainder when -4 + (10 - 2) + 13 is divided by 3?
2
Suppose 0 = a + 8 - 70. What is the remainder when a is divided by 17?
11
Let m(c) = c - 11. Let l be m(7). Let x = l - -12. Calculate the remainder when 22 is divided by x.
6
Let q(z) = -2*z**2 + 6*z + 5*z**2 + 0 + 3 - 1. Calculate the remainder when 49 is divided by q(-4).
23
Let i(y) = -3 - y**2 + 4*y**3 - 5*y**3 + 0*y**3. What is the remainder when i(-4) is divided by 12?
9
Suppose 10 = -0*r + 5*r. Calculate the remainder when r is divided by -1 + 1 - (-3 - -1).
0
Let d be -8 + 3 + (-14)/2. Let s(c) = c**3 + 13*c**2 + 7*c - 13. Let f(z) = z**2 + z + 4. What is the remainder when s(d) is divided by f(3)?
15
Let p(g) = -g**3 - g**2 - 2*g - 5. Let n be (-21)/5 - 7/(-35). Calculate the remainder when p(n) is divided by 18.
15
Suppose -16 = -5*k - 1. Suppose -3*x - k = -4*x. Suppose -x*q = 2 - 14. Calculate the remainder when 7 is divided by q.
3
Suppose 4*s + 74 = 18. Let r = s - -10. Let v = r + 6. What is the remainder when 4 is divided by v?
0
Suppose 0 = 2*a - 4*b - 12, -a - 12 = 5*b - 32. Suppose -2*h - 28 = -4*h. Suppose 0 = -5*p + 154 - h. What is the remainder when p is divided by a?
8
Let c = 8 - 5. Let f be (0 - 13)/((-1)/3). Suppose -c*r - f = -3*q, -r + 4*r = 2*q - 25. What is the remainder when q is divided by 4?
2
Let n(h) = -h**3 - 5*h**2 - 5*h - 2. Let l be (1/(-2))/(1/(-30)). Let b = l + -7. Calculate the remainder when n(-5) is divided by b.
7
Let g be 6/9 + 4/3. Suppose -y - 40 = -5*w + 13, 0 = 5*y + g*w + 130. Let h = y - -65. Calculate the remainder when h is divided by 13.
11
Calculate the remainder when 0 - (-214)/16 - (-45)/(-120) is divided by 11.
2
Let r(j) = -2*j - 4. Calculate the remainder when r(-14) is divided by 9.
6
Let t = 7 - 11. Let m = 11 + 9. Calculate the remainder when m is divided by 7/(-2*t/8).
6
Let m(s) = 4*s - 8. Let a be 40/7 + 12/42. What is the remainder when m(a) is divided by 9?
7
Let l = 54 + 52. What is the remainder when l is divided by 22?
18
Suppose 0 = 3*w - 6. Suppose 3*l - 9 = -w*s, l + 1 = 3*s + 4. Suppose -d + 268 = l*d. Calculate the remainder when d is divided by 23.
21
Suppose g = 3*o - 160, 4*o - g - 215 = -0*o. Calculate the remainder when o is divided by 20.
15
Let q(t) = t**3 + t - 5. Let o be q(0). Let i(k) = 4*k - 3 - 3 + 4 + k**2 - 1. What is the remainder when 3 is divided by i(o)?
1
Let h = 33 + -11. Suppose -w + h = -0*w. What is the remainder when (1 + -14)/((-1)/5) is divided by w?
21
Suppose -3*v = y + v + 2, -3*v - 3 = 0. Suppose 0 = -y*b + s + 55 + 7, -3*s = b - 31. What is the remainder when b is divided by 11?
9
Suppose 5*u + 1 - 61 = 0. Let x = 10 + 25. What is the remainder when x is divided by u?
11
Let y(l) = l**3 + 7*l**2 - 9*l - 4. Let m be y(-8). Suppose -4*x = -m - 8. Calculate the remainder when 5 is divided by x.
2
Let a = 23 - 3. Let k = a - 14. Calculate the remainder when k is divided by 4.
2
Let o(n) = 17*n + 1. Suppose -84 - 75 = -3*l. What is the remainder when l is divided by o(1)?
17
Let n be -3 + 2 - -59*1. Suppose -3*p - 4 = -4*p, 2*p = 3*i - n. What is the remainder when i is divided by 12?
10
Let d be (-10)/2*-1 + 1. Let z = 5 + d. Let p = 27 - z. What is the remainder when 31 is divided by p?
15
Let l = -25 - -25. Suppose -5*v + 4*v + 23 = l. What is the remainder when v is divided by 12?
11
Let v(p) = 2*p - p + 6*p**2 + 1 - p**3 - 8*p**2 + 0*p. What is the remainder when v(-3) is divided by 4?
3
Let n = 4 + -2. What is the remainder when 2/(-12) - (-117)/54 is divided by n?
0
Suppose 0 = 4*k - 3*b - 30 - 55, -2*k = 2*b - 46. Calculate the remainder when 61 is divided by k.
17
Suppose 5*u = 3*z - 2 - 98, 0 = z - 4*u - 31. What is the remainder when z is divided by 11?
2
Suppose 0*h + 92 = 2*h. Let z = h + 10. What is the remainder when z is divided by 19?
18
Let m(y) = y**2 - 6*y + 1. Calculate the remainder when 20 is divided by m(7).
4
Let p = -25 - -124. Calculate the remainder when p is divided by 20.
19
Let m(k) = k**3 + 4*k**2 - 6*k + 5. Let l be m(-5). Let v be (-6)/9*(1 - l). Suppose d = -0*d + v. What is the remainder when 17 is divided by d?
5
Suppose 4*f - 107 = 5*w, -5*f - 5*w + 112 = -4*w. What is the remainder when f is divided by 17?
6
Suppose 0 = 2*k - k + 8. Calculate the remainder when (k/(-12))/((-4)/(-18)) is divided by 3.
0
Let k(y) = -y**2 - 5*y + 4. Let v be k(-5). Suppose -c + v*d + 29 = d, -5*d = 25. What is the remainder when 40 is divided by c?
12
Let a(y) = y**3 + 3*y**2 - 2*y + 5. Suppose -4*r + 5*b + 83 = 2*b, 3*b - 57 = -3*r. What is the remainder when r is divided by a(-3)?
9
Let n = 67 - 33. Calculate the remainder when n is divided by 12.
10
Suppose 0 = r - 4 - 6. Suppose r*u - 15 = 5*u. Suppose -g - 49 = -2*l, -4*l + 96 = -g - u*g. Calculate the remainder when l is divided by 9.
7
Suppose -u + 0*u + 16 = 0. Suppose t - u = -3*t. What is the remainder when 7 is divided by t?
3
Suppose -5*s = -3*v + 1, 4*v - 9 = 2*v + 5*s. Let b(w) = w**2 + 5*w - 10. Calculate the remainder when 26 is divided by b(v).
12
Suppose -1 = 2*x + 3, 2*x + 20 = 2*w. What is the remainder when (2 - 3) + (-62)/(-2) is divided by w?
6
Let v = 23 - -8. What is the remainder when v is divided by 17?
14
Suppose -3*v + r + 42 = -v, 42 = 2*v - 3*r. What is the remainder when v is divided by 12?
9
Let r be (-64)/(-28) + (-4)/14. Let b be (32/3)/((-2)/(-9)). Suppose -r*f = f - b. What is the remainder when 46 is divided by f?
14
Let v be (10/6)/(2/6). Let y(h) = h - 6. Let i be y(v). What is the remainder when -8*(i + 2 + -2) is divided by 3?
2
Let x be 4/14 + 4/(-14). Suppose x*c = 2*c + 100. What is the remainder when 47 is divided by (-4)/6 + c/(-3)?
15
Let k be (-2)/(-3) - (-70)/(-15). Let t = 7 - k. Let v = -7 + 38. What is the remainder when v is divided by t?
9
Calculate the remainder when 16/(-8) - 7*(-5 + 1) is divided by 3.
2
Let l(s) = -4*s - 6. Let x = 4 + 5. Let q = x + -1. Calculate the remainder when l(-7) is divided by q.
6
Suppose 5*u - 320 = -5*a, 5*u = -7*a + 3*a + 317. Let m = -4 - -20. What is the remainder when u is divided by m?
13
Let a = 17 + 17. Calculate the remainder when 134 is divided by a.
32
Suppose s - 81 = -3*s - 3*f, -5*s - f + 93 = 0. What is the remainder when 33 is divided by s?
15
Let s = 4 + 4. Let l = 1 + 3. Let g = s + l. What is the remainder when 34 is divided by g?
10
Suppose -2*m - 4*p + 88 = 0, 220 = 2*m + 3*m - 3*p. What is the remainder when 130 is divided by m?
42
Let f(q) = q**3 + 5*q**2 + 3*q. Let w be f(-7). Let c = w + 85. Let d = 55 + c. Calculate the remainder when d is divided by 11.
10
Suppose -37*n + 117 = -34*n. Calculate the remainder when n is divided by 11.
6
Let p(z) = -z**2 - 7*z + 2. Let x be ((-12)/(-14))/((-1)/7). What is the remainder when 23 is divided by p(x)?
7
Suppose -9 = -5*x - 24. Let f(t) = 4*t**2 + t - 5. Let p(r) = -5*r**2 - 2*r + 6. Let d(z) = 6*f(z) + 5*p(z). Calculate the remainder when 4 is divided by d(x).
1
Let d = 90 + -8. Let k(a) = a**3 - 5*a**2 - 5*a - 5. Let b be k(6). Let w(f) = 29*f - 1. Calculate the remainder when d is divided by w(b).
26
Suppose 